{"id":27,"date":"2016-10-11T14:53:00","date_gmt":"2016-10-11T12:53:00","guid":{"rendered":"http:\/\/sindy.net\/?page_id=27"},"modified":"2017-03-10T10:48:02","modified_gmt":"2017-03-10T09:48:02","slug":"feste-feiern","status":"publish","type":"page","link":"https:\/\/cala-luna.de\/index.php\/feste-feiern\/","title":{"rendered":"Feste feiern"},"content":{"rendered":"<p class=\"text\">Sie planen eine Veranstaltung oder m\u00f6chten eine gr\u00f6\u00dfere Anzahl an G\u00e4sten einladen?<\/p>\n<p class=\"text\">Wir bieten Ihnen f\u00fcr Ihre Kommunion, Konfirmation, Taufe oder Familienfeste jeder Art, den perfekten festlichen<br \/>\nRahmen.<br \/>\nVon der Auswahl der Speisen und Getr\u00e4nke bis zur passenden Tischdekoration sorgen wir f\u00fcr ein perfektes Ambiente.<\/p>\n<p class=\"text\">Sie suchen noch nach der passenenden kulinarischen Zusammnstellung?<br \/>\n<a href=\"http:\/\/cala-luna.de\/index.php\/feste-feiern\/menuevorschlaege\/\">Hier ein paar Anregung f\u00fcr Ihr pers\u00f6nliches Men\u00fc.<\/a><\/p>\n<p class=\"text\"><strong>Nat\u00fcrlich k\u00f6nnen Sie unser Restaurant auch sonntags buchen!<\/strong><\/p>\n<div class=\"row-fluid\">\n<div class=\"span3\"><a title=\"Cala Luna\" href=\"http:\/\/cala-luna.de\/wp-content\/uploads\/feste01.jpg\" data-lightbox=\"group:mygroup1;titlePosition:inside\" data-spotlight=\"on\"><img loading=\"lazy\" decoding=\"async\" src=\"http:\/\/cala-luna.de\/wp-content\/uploads\/feste01.jpg\" alt=\"Feste feiern\" width=\"190\" height=\"150\" \/>\u00a0 <\/a><a title=\"Cala Luna\" href=\"http:\/\/cala-luna.de\/wp-content\/uploads\/feste02.jpg\" data-lightbox=\"group:mygroup1;titlePosition:inside\" data-spotlight=\"on\"> <img loading=\"lazy\" decoding=\"async\" src=\"http:\/\/cala-luna.de\/wp-content\/uploads\/feste02.jpg\" alt=\"Feste feiern\" width=\"190\" height=\"150\" \/>\u00a0 <\/a><a title=\"Cala Luna\" href=\"http:\/\/cala-luna.de\/wp-content\/uploads\/feste03.jpg\" data-lightbox=\"group:mygroup1;titlePosition:inside\" data-spotlight=\"on\"><img loading=\"lazy\" decoding=\"async\" src=\"http:\/\/cala-luna.de\/wp-content\/uploads\/feste03.jpg\" alt=\"Feste feiern\" width=\"190\" height=\"150\" \/><\/a> <a title=\"Cala Luna\" href=\"http:\/\/cala-luna.de\/wp-content\/uploads\/feste04.jpg\" data-lightbox=\"group:mygroup1;titlePosition:inside\" data-spotlight=\"on\"><img loading=\"lazy\" decoding=\"async\" src=\"http:\/\/cala-luna.de\/wp-content\/uploads\/feste04.jpg\" alt=\"Mediterran genie\u00dfen\" width=\"190\" height=\"150\" \/><\/a><\/div>\n<\/div>\n","protected":false},"excerpt":{"rendered":"<p>Sie planen eine Veranstaltung oder m\u00f6chten eine gr\u00f6\u00dfere Anzahl an G\u00e4sten einladen? Wir bieten Ihnen f\u00fcr Ihre Kommunion, Konfirmation, Taufe oder Familienfeste jeder Art, den perfekten festlichen Rahmen. Von der Auswahl der Speisen und Getr\u00e4nke bis zur passenden Tischdekoration sorgen wir f\u00fcr ein perfektes Ambiente. Sie suchen noch nach der\u2026<\/p>\n<p> <a class=\"continue-reading-link\" href=\"https:\/\/cala-luna.de\/index.php\/feste-feiern\/\"><span>Continue reading<\/span><i class=\"crycon-right-dir\"><\/i><\/a> <\/p>\n","protected":false},"author":1,"featured_media":0,"parent":0,"menu_order":0,"comment_status":"closed","ping_status":"closed","template":"templates\/template-twocolumns-left.php","meta":{"footnotes":""},"class_list":["post-27","page","type-page","status-publish","hentry"],"_links":{"self":[{"href":"https:\/\/cala-luna.de\/index.php\/wp-json\/wp\/v2\/pages\/27","targetHints":{"allow":["GET"]}}],"collection":[{"href":"https:\/\/cala-luna.de\/index.php\/wp-json\/wp\/v2\/pages"}],"about":[{"href":"https:\/\/cala-luna.de\/index.php\/wp-json\/wp\/v2\/types\/page"}],"author":[{"embeddable":true,"href":"https:\/\/cala-luna.de\/index.php\/wp-json\/wp\/v2\/users\/1"}],"replies":[{"embeddable":true,"href":"https:\/\/cala-luna.de\/index.php\/wp-json\/wp\/v2\/comments?post=27"}],"version-history":[{"count":9,"href":"https:\/\/cala-luna.de\/index.php\/wp-json\/wp\/v2\/pages\/27\/revisions"}],"predecessor-version":[{"id":218,"href":"https:\/\/cala-luna.de\/index.php\/wp-json\/wp\/v2\/pages\/27\/revisions\/218"}],"wp:attachment":[{"href":"https:\/\/cala-luna.de\/index.php\/wp-json\/wp\/v2\/media?parent=27"}],"curies":[{"name":"wp","href":"https:\/\/api.w.org\/{rel}","templated":true}]}}

<p class="text">Sie planen eine Veranstaltung oder möchten eine größere Anzahl an Gästen einladen?</p>
<p class="text">Wir bieten Ihnen für Ihre Kommunion, Konfirmation, Taufe oder Familienfeste jeder Art, den perfekten festlichen<br />
Rahmen.<br />
Von der Auswahl der Speisen und Getränke bis zur passenden Tischdekoration sorgen wir für ein perfektes Ambiente.</p>
<p class="text">Sie suchen noch nach der passenenden kulinarischen Zusammnstellung?<br />
<a href="http://cala-luna.de/index.php/feste-feiern/menuevorschlaege/">Hier ein paar Anregung für Ihr persönliches Menü.</a></p>
<p class="text"><strong>Natürlich können Sie unser Restaurant auch sonntags buchen!</strong></p>
<div class="row-fluid">
<div class="span3"><a title="Cala Luna" href="http://cala-luna.de/wp-content/uploads/feste01.jpg" data-lightbox="group:mygroup1;titlePosition:inside" data-spotlight="on"><img loading="lazy" decoding="async" src="http://cala-luna.de/wp-content/uploads/feste01.jpg" alt="Feste feiern" width="190" height="150" />  </a><a title="Cala Luna" href="http://cala-luna.de/wp-content/uploads/feste02.jpg" data-lightbox="group:mygroup1;titlePosition:inside" data-spotlight="on"> <img loading="lazy" decoding="async" src="http://cala-luna.de/wp-content/uploads/feste02.jpg" alt="Feste feiern" width="190" height="150" />  </a><a title="Cala Luna" href="http://cala-luna.de/wp-content/uploads/feste03.jpg" data-lightbox="group:mygroup1;titlePosition:inside" data-spotlight="on"><img loading="lazy" decoding="async" src="http://cala-luna.de/wp-content/uploads/feste03.jpg" alt="Feste feiern" width="190" height="150" /></a> <a title="Cala Luna" href="http://cala-luna.de/wp-content/uploads/feste04.jpg" data-lightbox="group:mygroup1;titlePosition:inside" data-spotlight="on"><img loading="lazy" decoding="async" src="http://cala-luna.de/wp-content/uploads/feste04.jpg" alt="Mediterran genießen" width="190" height="150" /></a></div>
</div>

<p>Sie planen eine Veranstaltung oder möchten eine größere Anzahl an Gästen einladen? Wir bieten Ihnen für Ihre Kommunion, Konfirmation, Taufe oder Familienfeste jeder Art, den perfekten festlichen Rahmen. Von der Auswahl der Speisen und Getränke bis zur passenden Tischdekoration sorgen wir für ein perfektes Ambiente. Sie suchen noch nach der…</p>
<p> <a class="continue-reading-link" href="https://cala-luna.de/index.php/feste-feiern/"><span>Continue reading</span><i class="crycon-right-dir"></i></a> </p>
